 4*s - 3. Let d be f(-3). Let o = d - 18. What are the prime factors of o?
2, 3
Let r(h) = h - 1. Let g be r(1). Let f(q) be the third derivative of q**4/24 + 4*q**3/3 - q**2. What are the prime factors of f(g)?
2
Suppose -3*n = -k + 83, k - 79 = 3*n - 4*k. Suppose -s - 39 = -2*s. Let f = s + n. List the prime factors of f.
11
What are the prime factors of -5*8/(-100) + (-2109)/(-15)?
3, 47
Let b be 3 + -1 + 1 + -1. Let i be (0 + 0)/(b - 3). Suppose -3*v + 5*v - t - 15 = 0, 3*v + 2*t - 33 = i. List the prime factors of v.
3
Let b(c) = 5*c + 3. Let m be b(-4). Let p be (3 - -15)*6/4. Let u = p + m. List the prime factors of u.
2, 5
Let g(r) = -4*r**3 + r**2 + r. Let o be g(-1). Let j(b) be the first derivative of 2*b**2 - 5*b + 2. What are the prime factors of j(o)?
11
Let s(x) = -x + 12. Let c be s(10). Suppose -c*m + 110 = 3*m. What are the prime factors of m?
2, 11
Let i be 357/(-39) + (-4)/(-26). Let w be i*(0 - (-2 - -1)). List the prime factors of (w/(-6))/(2/4).
3
Suppose 2*v - q + 5 = 13, q - 7 = -3*v. Suppose -v*o - 17 = -2*h - 0*o, -o = h - 1. Suppose 4*p + 19 = y, -h*y + 6*p - 2*p = -52. List the prime factors of y.
11
Suppose -4*b + 42 = -42. What are the prime factors of b?
3, 7
Let c be (-3 + 8)*1 + 1. Let o be 6/(-2)*(-2)/2. Suppose 5*p + o*r + c = -r, p + 14 = -4*r. What are the prime factors of p?
2
Let y = 122 - 57. List the prime factors of y.
5, 13
Suppose 5*k = 4*w - 29 - 4, -3*w - 4 = 2*k. Suppose 0 = 3*b - w*b - h - 2, -5*b - 4*h = -19. What are the prime factors of b?
3
Let k(g) = g - 7. Let x be k(7). Suppose 190 = 5*i - h, x*i - h = -4*i + 152. List the prime factors of i.
2, 19
List the prime factors of ((-528)/2)/2*-1.
2, 3, 11
Suppose -3*z = -2*h - 44, h = -4*z + 4 + 40. Suppose -5*k + 11 = -2*j, k = 2*k + 1. Let s = z + j. What are the prime factors of s?
2
Suppose -1 = -3*l + 41. Let w be -75*2*(-3)/15. Suppose -w = -2*k + 4*h - 8, 2*h + l = 2*k. List the prime factors of k.
3
Let o(x) = 2*x + 1. Let a be o(2). Let z = a + -1. List the prime factors of z.
2
Let s = -20 + 34. List the prime factors of s.
2, 7
Suppose 2*n + 2*n - 36 = 0. Suppose 2*b = -b + 3*m + n, 5*b + m = -3. Suppose -5*c + 20 = -b*c. List the prime factors of c.
2
Let y(i) = i**3 - 3*i**2 + 2*i - 4. Let u be y(3). Suppose -j = -0*j - u. Suppose r - j = -0. What are the prime factors of r?
2
Let n = -28 - -48. List the prime factors of n.
2, 5
Suppose 0 = 5*l - 5*f - 20, -l + 16 = -4*l - 4*f. Suppose -2*g - 53 - 15 = l. Let m = -21 - g. What are the prime factors of m?
13
Suppose -2*d = -5*w - 187, -3*w + 2*w = -2*d + 175. List the prime factors of d.
2, 43
Let p(c) be the first derivative of c**5/20 + 5*c**4/12 - c**3/3 - 7*c**2/2 + c - 3. Let y(l) be the first derivative of p(l). List the prime factors of y(-5).
3
Let b(d) = d**2 + 2*d + 21. List the prime factors of b(12).
3, 7
Let t = 50 - 35. List the prime factors of t.
3, 5
Let j = 633 - 419. What are the prime factors of j?
2, 107
Let m be (-7)/(-4) - (-1)/4. Suppose -a + 10 = m. Suppose -a - 12 = -5*o. List the prime factors of o.
2
Suppose -2*t + 6*t = 28. Let f = 11 - t. Suppose 0 = 4*b + 2*k - f - 52, -4*b + 56 = 4*k. List the prime factors of b.
2, 7
Suppose -2*a = -3*a - 8. Let j(r) = -r**2 - 6. Let l be j(0). List the prime factors of (a/l)/(6/9).
2
Let s be -4 + -2 + 4 + 0. What are the prime factors of 232/(-16)*s*1?
29
Let d(b) be the second derivative of b**5/60 - 5*b**4/12 + 2*b**3 - b**2 + 3*b. Let z(s) be the first derivative of d(s). List the prime factors of z(10).
2, 3
Suppose 4*i + 0*i = -36. Let f = -4 - i. What are the prime factors of f?
5
Suppose 4*a + n - 169 = 28, 5*n - 54 = -a. List the prime factors of a.
7
Suppose 0 = t + 1 - 154. List the prime factors of t.
3, 17
Let r = 27 - 9. List the prime factors of r.
2, 3
Let k = 18 - 18. Suppose 101 = -0*s + 3*s + 5*m, k = -4*s + 4*m + 188. What are the prime factors of s?
2, 3, 7
Suppose 195 = 5*g + 5*j, -5*g = -3*j - 253 + 26. What are the prime factors of g?
43
Let v = -509 - -718. List the prime factors of v.
11, 19
Suppose 2*w + a = 656, 5*a + 664 = 3*w - 346. What are the prime factors of w?
2, 3, 5, 11
Let w = 8 + -8. Suppose 4*t + 4*v - 36 = w, t = 2*v - 0*v. What are the prime factors of t?
2, 3
Let a(t) = -t**2 + 2*t + 3. Let z be a(4). Let c = z + 8. What are the prime factors of c?
3
Let s(k) = -k**2 - 11*k + 19. What are the prime factors of s(-11)?
19
Suppose 6 = z + 2*z. Suppose 0 = -n - z*n + 6. Suppose 5*v - 46 = -3*k - 0*k, n*k - 4 = 2*v. What are the prime factors of k?
7
Let t(b) = b + 1. Let u(y) = 7*y + 2. Let x(c) = -6*t(c) + u(c). Let f be x(8). List the prime factors of 4/(-8) - (-14)/f.
3
Let p = -2 + 25. Suppose -l = -5*i - 4*l + 185, 0 = i - 3*l - 37. Let x = i - p. What are the prime factors of x?
2, 7
List the prime factors of 10/(490/8463) - (-4)/14.
173
Let z(m) = 11*m**3 + m**2 - m + 1. Let v be z(1). Suppose -5*w + h = -34 - v, 2*w + 5*h - 40 = 0. List the prime factors of w.
2, 5
Let s(h) = 2*h + 27*h**2 + 1 - 1 + 1. What are the prime factors of s(-1)?
2, 13
Let o(p) = -p**3 + 8*p**2 - 1. What are the prime factors of o(7)?
2, 3
Suppose -13 - 15 = -4*d. Let p = 3 + d. What are the prime factors of p?
2, 5
Suppose 5*l - 25 = -0*l. Suppose -g - l = 0, -t + 16 = t - 2*g. What are the prime factors of t?
3
Suppose -20 = -2*z - 2*z. Let p be z*(-1 + 18/10). Suppose -5*n - 2*h - 17 = -56, 4*n - p*h - 48 = 0. What are the prime factors of n?
3
Let v(p) be the first derivative of -4*p**2 - 1. Let f = -1 - 0. What are the prime factors of v(f)?
2
What are the prime factors of 9/(-15)*-5 - (0 - 13)?
2
Let d = 23 + 7. List the prime factors of d.
2, 3, 5
Let k(b) = -32*b**3 + 2*b**2 - 1. Let s be k(-1). Let m = s + -7. What are the prime factors of m?
2, 13
Let a(j) = j**2 - 3*j + 1. Let i be a(4). Suppose -w - i = -2*w. What are the prime factors of w?
5
Let y(x) = -x + 2. Let n be y(-2). Suppose -86 - 2 = -n*h. What are the prime factors of h?
2, 11
Let v(q) = -2*q**2 - 4*q - 2. Let b be v(-2). List the prime factors of (-5 + 57)*(-1)/b.
2, 13
Let x be (-5)/30 - 25/(-6). List the prime factors of 2/8 - (-15)/x.
2
Let d be (-1)/(-2) - (-19)/2. What are the prime factors of (22/(-4))/((-5)/d)?
11
Let a be (3 + -7)/(8/124). Let k = 96 + a. What are the prime factors of k?
2, 17
Let x be -1 - -1 - -1 - 1. Suppose x*n + 22 = n. List the prime factors of n.
2, 11
Let m be 0 + (1/1 - 0). Suppose -m = -2*h + 9. Let d = h - -1. What are the prime factors of d?
2, 3
Let o(f) = f - 5. Let z be o(8). Suppose -2*x + z*k = -72, -5*k = -x + 62 - 19. List the prime factors of x.
3, 11
Let s(a) be the first derivative of a**4/4 - a**3/3 - a**2/2 - 4*a + 2. List the prime factors of s(3).
11
Let u(j) = -4*j**3 - 5*j**2 + j - 3. List the prime factors of u(-4).
13
Let v = 44 + -86. What are the prime factors of 3/(-7) + (-1656)/v?
3, 13
Suppose 3*l = 2*k - 44 - 43, -5*l = 3*k - 159. Suppose -5*a + 58 = 3*n - 0*n, -2*n = 4*a - k. What are the prime factors of a?
2, 7
Let r = 64 + -56. List the prime factors of r.
2
Let q = 24 + 5. Let s = q - 17. List the prime factors of s.
2, 3
Let d(q) = -5*q - 12. Let i(m) = m. Let f(z) = -d(z) - 4*i(z). List the prime factors of f(0).
2, 3
Suppose -2*z = -80 + 6. List the prime factors of z.
37
Let q(d) = -d + 1. Suppose h = 2*h + 7. List the prime factors of q(h).
2
Let u = 59 - 19. What are the prime factors of u?
2, 5
Suppose -2*f = 19 - 1. Let c = f + 17. What are the prime factors of (2*-1)/(c/(-20))?
5
Let u = 0 - -25. Let x = u + -23. What are the prime factors of x?
2
Suppose 4*q = 3*q + 76. List the prime factors of q.
2, 19
Let u(l) be the second derivative of l**4/3 - l**3/6 + 2*l. What are the prime factors of u(2)?
2, 7
Let y = 39 - 26. List the prime factors of y.
13
Suppose 0 = 5*p - p + 108. What are the prime factors of (p/(-6))/(2/4)?
3
Let u(o) = o**2 + 11*o + 5. Let y be u(-10). Let n(r) = -r + 12. What are the prime factors of n(y)?
17
Suppose 0*p = -5*p + 1000. Suppose 4*v = -0*v + p. What are the prime factors of v?
2, 5
Let q be 12 + (-6)/(-9)*-3. What are the prime factors of 2/2*1*q?
2, 5
Suppose -2*d = 4*k, -k = -4*k + 2*d + 14. Suppose -8 = -2*o + k. What are the prime factors of o?
5
Suppose -3*a + l + 886 = 0, 4*a + 0*a - 4*l = 1184. List 